{"id":169,"date":"2015-12-22T08:31:59","date_gmt":"2015-12-22T08:31:59","guid":{"rendered":"http:\/\/www.startpage.si\/antonovanje_new\/?page_id=169"},"modified":"2015-12-22T18:15:47","modified_gmt":"2015-12-22T18:15:47","slug":"fse-kar-lazi","status":"publish","type":"page","link":"https:\/\/www.antonovanje.si\/?page_id=169","title":{"rendered":"Fse kar lazi"},"content":{"rendered":"<!--[if lt IE 9]><script>document.createElement('audio');<\/script><![endif]-->\n<audio class=\"wp-audio-shortcode\" id=\"audio-169-1\" autoplay=\"1\" preload=\"auto\" style=\"width: 100%;\" controls=\"controls\"><source type=\"audio\/mpeg\" src=\"https:\/\/www.antonovanje.si\/wp-content\/uploads\/2015\/12\/04-JaraRaja-_-Ljudska-FSE-KAJ-LAZI.mp3?_=1\" \/><a href=\"https:\/\/www.antonovanje.si\/wp-content\/uploads\/2015\/12\/04-JaraRaja-_-Ljudska-FSE-KAJ-LAZI.mp3\">https:\/\/www.antonovanje.si\/wp-content\/uploads\/2015\/12\/04-JaraRaja-_-Ljudska-FSE-KAJ-LAZI.mp3<\/a><\/audio>\n<h6 style=\"text-align: center;\">1. Vse kar lazi po ten sveti,<br \/>\nnapni v\u00fcha zlo,<br \/>\nda bo\u0161 \u010d\u00fclo zaj zapeti<br \/>\npesen visoko.<\/h6>\n<h6 style=\"text-align: center;\">2. Pesen huj\u0161a kak ropo\u010de<br \/>\ndvajsti proznih stop,<br \/>\nda se vsaka mo\u010dka ju\u010de<br \/>\n\u0161kriple vsoka klop.<\/h6>\n<h6 style=\"text-align: center;\">3. Tota pesen podvi\u010dila<br \/>\nd\u0119 vas vse vokrog,<br \/>\nkak\u0161na \u010den\u010da sn jaz bija<br \/>\n\u017ee od malih nog.<\/h6>\n<h6 style=\"text-align: center;\">4. Z repi\u0161\u010da me je privleka,<br \/>\nmo\u010dka k nan domu,<br \/>\nmi je na\u0161a dekla r\u0119kla,<br \/>\nkaj je men za to.<\/h6>\n<h6 style=\"text-align: center;\">5. Kdo sn jaz \u0161e v janjki leta<br \/>\nje veselo blo,<br \/>\nkolca v hi\u0161i sn potaka,<br \/>\nvarva mo\u010dkico.<\/h6>\n<h6 style=\"text-align: center;\">6. Pa poleti sn po v\u0119si<br \/>\nse potepa rad,<br \/>\npleza sn po stori lesi,<br \/>\nkota repno kad.<\/h6>\n<h6 style=\"text-align: center;\">7. \u010ce pa vida sn cigone,<br \/>\naj pa \u010di\u010da joj!<br \/>\nTe sn bej\u017ea kak podagana<br \/>\nv pormo aj za gnoj.<\/h6>\n<h6 style=\"text-align: center;\">8. Pravli so mi o\u010da, mati,<br \/>\n\u0161latek no vtrgo\u010d,<br \/>\n\u010de bo\u0161 stalno fteja le\u017eati,<br \/>\nne dobi\u0161 pogo\u010d.<\/h6>\n<h6 style=\"text-align: center;\">9. Dostikrot je \u0161iba pela,<br \/>\nlep\u0161e kak kokot,<br \/>\ndrva v mene so zletela,<br \/>\naj pa kak\u0161en hlod.<\/h6>\n<h6 style=\"text-align: center;\">10. Komaj so mi janjnko slekli,<br \/>\n\u017ee v brg\u00fc\u0161icah,<br \/>\ns silo so me v \u0161olo vlekle,<br \/>\noj ta grozen stroh.<\/h6>\n<h6 style=\"text-align: center;\">11. Ton me \u0161kolnik je zabija,<br \/>\ntak kak ton soho,<br \/>\nI, U, E, O, A je vleva<br \/>\ns palcoj je v glavo.<\/h6>\n<h6 style=\"text-align: center;\">12. Nategova mi je v\u00fcha,<br \/>\npipa mi lase,<br \/>\nkrsta me za potepuha<br \/>\nosla no \u017erebe.<\/h6>\n<h6 style=\"text-align: center;\">13. Fteja klestiti \u010dohati<br \/>\npomeni je vsak,<br \/>\njaz pa moga sn dr\u017eati<br \/>\npohjeni srmak.<\/h6>\n<h6 style=\"text-align: center;\">14. Hla\u010de moga sn glodati<br \/>\nv \u0161oli seden let,<br \/>\nnav\u010da sn se nekaj brati,<br \/>\n\u0161tete to deset.<\/h6>\n<h6 style=\"text-align: center;\">15. Zdaj so o\u010da rekli: France,<br \/>\ndobro mo\u0161 glavo,<br \/>\nvidin, k\u0119 rad je\u0161 gibanco,<br \/>\n\u0161r\u00fckle no meso.<\/h6>\n<h6 style=\"text-align: center;\">16. Nesi za nobeno delo<br \/>\nidi se vi\u010dit,<br \/>\n\u010dast bi bla za faro celo<br \/>\n\u010de \u010de\u0161 me\u0161nik bit.<\/h6>\n<h6 style=\"text-align: center;\">17. To le bila tur\u0161ka sila,<br \/>\noj ti saprament,<br \/>\ngrota z mene motovila,<br \/>\nnogla je \u0161tudent.<\/h6>\n<h6 style=\"text-align: center;\">18. Mati so mi nabasali<br \/>\nkr\u00fcha no klobos,<br \/>\no\u010da so me zapelali<br \/>\nv Marprog \u0161trte klos.<\/h6>\n<h6 style=\"text-align: center;\">19. Zaj so bili sre\u010dni \u010dasi,<br \/>\nceli paradi\u017e,<br \/>\nleta sn po blatn gasi,<br \/>\nkak po lajti mi\u0161.<\/h6>\n<h6 style=\"text-align: center;\">20. V pisane re\u010di v \u0161tac\u00fcnah<br \/>\nn najroj\u0161i zjo,<br \/>\nin po sladkih figah sline,<br \/>\nstalno sn cedija.<\/h6>\n<h6 style=\"text-align: center;\">21. Gn\u00fcsno se mi res je zdelo<br \/>\nnem\u0161ko lajanje,<br \/>\nmisla sn si leto celo,<br \/>\nto je ne za me.<\/h6>\n<h6 style=\"text-align: center;\">22. Potli pri\u0161lo je latinsko<br \/>\nin pa gr\u0161ko \u0161e,<br \/>\nker gospodon je slovensko<br \/>\nto ne v redi pre.<\/h6>\n<h6 style=\"text-align: center;\">23. Matematik, hidrostatik<br \/>\nino geograf,<br \/>\nda svetniki iz vseh pratik,<br \/>\nbi se jokali.<\/h6>\n<h6 style=\"text-align: center;\">24. O\u010da pa so \u0161e hodili<br \/>\nMarprog mene bit,<br \/>\nbogme bija sn v taki sili<br \/>\nve\u010dkrat bit kak sit.<\/h6>\n<h6 style=\"text-align: center;\">25. Dobro res\u0119n s\u0119 nositi,<br \/>\nkrikati \u017ee ven,<br \/>\n\u0161e cigare zmes kaditi,<br \/>\n\u010de jih le iman.<\/h6>\n<h6 style=\"text-align: center;\">26. Znoni\u00a0 so mi vsi jeziki,<br \/>\nki so dobra jed,<br \/>\ncoprjak sn t\u00fcdi vejki,<br \/>\nte kdo priden v klet.<\/h6>\n<h6 style=\"text-align: center;\">27. Vejki sn \u017ee za \u017eenitev,<br \/>\npa me je stra\u0161no sron,<br \/>\nraj\u0161i gren \u010dez petsto britev,<br \/>\nkak pa z babon v hram.<\/h6>\n<h6 style=\"text-align: center;\">28. \u010ce pa vtegna bi \u0161e priti<br \/>\nkdo enkrat na svet,<br \/>\npa\u010d \u0161tudent ve\u010d ne\u010den biti,<br \/>\nroj\u0161i gren boba mlet.<\/h6>\n<h6 style=\"text-align: center;\">29. Zaj ste \u010d\u00fcle poslu\u0161alci<br \/>\nkak\u0161en sn jaz fti\u010d,<br \/>\nv\u00fcha mon kak stori zofci<br \/>\nsamo v glovi ni\u010d.<\/h6>\n<h6 style=\"text-align: center;\">30. V\u00fc\u010dte pa se stori mladi<br \/>\ns tote pesmi vsi,<br \/>\nako ravno \u017ee po brodi<br \/>\nkozlovi di\u0161i.<\/h6>\n<h6 style=\"text-align: center;\">31. Da ni vsaki za gospoda<br \/>\n\u017emeten zlo je v\u00fck,<br \/>\ndeco v \u0161olo phati je \u0161koda,<br \/>\nrojeno za pl\u00fcg.<\/h6>\n","protected":false},"excerpt":{"rendered":"<p>1. Vse kar lazi po ten sveti, napni v\u00fcha zlo, da bo\u0161 \u010d\u00fclo zaj zapeti pesen visoko. 2. Pesen huj\u0161a kak ropo\u010de dvajsti proznih stop, da se vsaka mo\u010dka ju\u010de \u0161kriple vsoka klop. 3. Tota pesen podvi\u010dila d\u0119 vas vse vokrog, kak\u0161na \u010den\u010da sn jaz bija \u017ee od malih nog. 4. Z repi\u0161\u010da me je [&hellip;]<\/p>\n","protected":false},"author":1,"featured_media":0,"parent":28,"menu_order":0,"comment_status":"closed","ping_status":"closed","template":"page-templates\/template-fullwidth.php","meta":{"footnotes":""},"class_list":["post-169","page","type-page","status-publish","hentry"],"_links":{"self":[{"href":"https:\/\/www.antonovanje.si\/index.php?rest_route=\/wp\/v2\/pages\/169","targetHints":{"allow":["GET"]}}],"collection":[{"href":"https:\/\/www.antonovanje.si\/index.php?rest_route=\/wp\/v2\/pages"}],"about":[{"href":"https:\/\/www.antonovanje.si\/index.php?rest_route=\/wp\/v2\/types\/page"}],"author":[{"embeddable":true,"href":"https:\/\/www.antonovanje.si\/index.php?rest_route=\/wp\/v2\/users\/1"}],"replies":[{"embeddable":true,"href":"https:\/\/www.antonovanje.si\/index.php?rest_route=%2Fwp%2Fv2%2Fcomments&post=169"}],"version-history":[{"count":4,"href":"https:\/\/www.antonovanje.si\/index.php?rest_route=\/wp\/v2\/pages\/169\/revisions"}],"predecessor-version":[{"id":359,"href":"https:\/\/www.antonovanje.si\/index.php?rest_route=\/wp\/v2\/pages\/169\/revisions\/359"}],"up":[{"embeddable":true,"href":"https:\/\/www.antonovanje.si\/index.php?rest_route=\/wp\/v2\/pages\/28"}],"wp:attachment":[{"href":"https:\/\/www.antonovanje.si\/index.php?rest_route=%2Fwp%2Fv2%2Fmedia&parent=169"}],"curies":[{"name":"wp","href":"https:\/\/api.w.org\/{rel}","templated":true}]}}