{"id":17,"date":"2015-12-21T20:52:09","date_gmt":"2015-12-21T20:52:09","guid":{"rendered":"http:\/\/www.startpage.si\/antonovanje_new\/?page_id=17"},"modified":"2023-10-19T10:17:45","modified_gmt":"2023-10-19T10:17:45","slug":"zapisi-o-kogu","status":"publish","type":"page","link":"https:\/\/www.antonovanje.si\/?page_id=17","title":{"rendered":"Zapisi o Kogu"},"content":{"rendered":"<div class=\"stacks_out\">\n<div class=\"stacks_in\">\n<div class=\"centered_image\"><img loading=\"lazy\" decoding=\"async\" class=\" wp-image-192 alignleft\" src=\"https:\/\/www.antonovanje.si\/wp-content\/uploads\/2015\/12\/f603d719f50098ea04456c1a6eef0c88.jpg\" alt=\"f603d719f50098ea04456c1a6eef0c88\" width=\"271\" height=\"182\" srcset=\"https:\/\/www.antonovanje.si\/wp-content\/uploads\/2015\/12\/f603d719f50098ea04456c1a6eef0c88.jpg 640w, https:\/\/www.antonovanje.si\/wp-content\/uploads\/2015\/12\/f603d719f50098ea04456c1a6eef0c88-300x201.jpg 300w\" sizes=\"auto, (max-width: 271px) 100vw, 271px\" \/>Vedno znova se vra\u010dajo romarji od blizu in dale\u010d na na\u0161 doma\u010di hrib\u010dek s cerkvijo. Zimski \u010das je \u010das, ko narava spi, vsi, ki \u017eivijo od nje pa se lahko v miru zahvalijo za vse, \u010desar so bili dele\u017eni \u010dez leto. Najve\u010dkrat si \u017eelimo sre\u010de, a ti drobni trenutki zadovoljstva pridejo le, \u010de je na\u0161e \u017eivljenje polno bo\u017ejega blagoslova. Sv. Anton Pu\u0161\u010davnik, ki goduje 17. januarja, je zavetnik \u017eivine, pra\u0161i\u010dereje.<\/div>\n<\/div>\n<div class=\"stacks_clearer\" style=\"text-align: justify;\"><\/div>\n<div class=\"stacks_clearer\" style=\"text-align: justify;\">Ljudje \u017ee dolga leta in desetletja prihajajo ob njegovem prazniku z osebnimi zahvalami in pro\u0161njami za pomo\u010d pri delu v hlevu in na polju, prihajajo po antonov \u017eegen. Kot se za vsak praznik spodobi, \u0161e posebno ob godu na\u0161ega zavetnika sv. Antona, je prav, da praznujemo skupaj in se prazniku primerno tudi poveselimo.<\/div>\n<\/div>\n","protected":false},"excerpt":{"rendered":"<p>Vedno znova se vra\u010dajo romarji od blizu in dale\u010d na na\u0161 doma\u010di hrib\u010dek s cerkvijo. Zimski \u010das je \u010das, ko narava spi, vsi, ki \u017eivijo od nje pa se lahko v miru zahvalijo za vse, \u010desar so bili dele\u017eni \u010dez leto. Najve\u010dkrat si \u017eelimo sre\u010de, a ti drobni trenutki zadovoljstva pridejo le, \u010de je na\u0161e [&hellip;]<\/p>\n","protected":false},"author":1,"featured_media":0,"parent":107,"menu_order":40,"comment_status":"closed","ping_status":"closed","template":"page-templates\/template-fullwidth.php","meta":{"footnotes":""},"class_list":["post-17","page","type-page","status-publish","hentry"],"_links":{"self":[{"href":"https:\/\/www.antonovanje.si\/index.php?rest_route=\/wp\/v2\/pages\/17","targetHints":{"allow":["GET"]}}],"collection":[{"href":"https:\/\/www.antonovanje.si\/index.php?rest_route=\/wp\/v2\/pages"}],"about":[{"href":"https:\/\/www.antonovanje.si\/index.php?rest_route=\/wp\/v2\/types\/page"}],"author":[{"embeddable":true,"href":"https:\/\/www.antonovanje.si\/index.php?rest_route=\/wp\/v2\/users\/1"}],"replies":[{"embeddable":true,"href":"https:\/\/www.antonovanje.si\/index.php?rest_route=%2Fwp%2Fv2%2Fcomments&post=17"}],"version-history":[{"count":20,"href":"https:\/\/www.antonovanje.si\/index.php?rest_route=\/wp\/v2\/pages\/17\/revisions"}],"predecessor-version":[{"id":465,"href":"https:\/\/www.antonovanje.si\/index.php?rest_route=\/wp\/v2\/pages\/17\/revisions\/465"}],"up":[{"embeddable":true,"href":"https:\/\/www.antonovanje.si\/index.php?rest_route=\/wp\/v2\/pages\/107"}],"wp:attachment":[{"href":"https:\/\/www.antonovanje.si\/index.php?rest_route=%2Fwp%2Fv2%2Fmedia&parent=17"}],"curies":[{"name":"wp","href":"https:\/\/api.w.org\/{rel}","templated":true}]}}