{"id":62,"date":"2015-12-22T00:14:32","date_gmt":"2015-12-22T00:14:32","guid":{"rendered":"http:\/\/www.startpage.si\/antonovanje_new\/?page_id=62"},"modified":"2015-12-22T17:40:39","modified_gmt":"2015-12-22T17:40:39","slug":"stran-zorka-vicarja","status":"publish","type":"page","link":"https:\/\/www.antonovanje.si\/?page_id=62","title":{"rendered":"Stran Zorka Vi\u010darja"},"content":{"rendered":"<div class=\"stacks_out\">\n<div class=\"stacks_in\">\n<h6><\/h6>\n<h6><img loading=\"lazy\" decoding=\"async\" class=\" wp-image-328 alignright\" src=\"https:\/\/www.antonovanje.si\/wp-content\/uploads\/2015\/12\/janez_vicar1.jpg\" alt=\"janez_vicar1\" width=\"307\" height=\"238\" srcset=\"https:\/\/www.antonovanje.si\/wp-content\/uploads\/2015\/12\/janez_vicar1.jpg 800w, https:\/\/www.antonovanje.si\/wp-content\/uploads\/2015\/12\/janez_vicar1-300x233.jpg 300w\" sizes=\"auto, (max-width: 307px) 100vw, 307px\" \/>Najstarej\u0161a spletna stran, ki govori o Kogu, obi\u010dajih, zgodovini in marsi\u010dem.. Vredno obiska!<\/h6>\n<h5><a href=\"http:\/\/www2.arnes.si\/~gljsentvid10\/oseb_stran\/index_z.html\" target=\"_blank\" rel=\"external\">Doma\u010da stran ZORKA VI\u010cARJA<br \/>\n<\/a><\/h5>\n<div class=\"stacks_clearer\">\n<div class=\"stacks_div\" style=\"text-align: justify;\">&#8220;Nacekov brat Janez je ostal na doma\u010diji, La\u010daves 60, Kog. \u017delel je postati pilot (pomagal mu je bratranec, voja\u0161ki hidropilot Vi\u010dar Franc ), na koncu, ko ni bil sprejet v letalsko \u0161olo, se je posvetil kmetijstvu, imel je tudi mlatilno. Vedno si je \u017eelel, da bi kdo od njegovih mlaj\u0161ih sorodnikov postal pilot. Na sliki je Janez Vi\u010dar z \u017eeno Moniko, ki nam je ohranila pilotovo sliko in zgodbo o njem &#8211; zraven sta tudi njuna otroka Minka in Janko. Lepo rejen gudek &#8211; merjasec. Janezu sem leta 1968, kot 6-letni otrok, na pogrebu nesel kri\u017e. Kot fanti\u010dek sem ve\u010dkrat sedel v njegovem naro\u010dju in ga hecal, kako so kaj njegovi konji &#8220;cigoti&#8221;, tako jih je namre\u010d Janez imenoval. Janez je bil izjemno ob\u010dutljiv na umazanijo, na bakterije, na\u010deloma nikoli ni pil iz tuje fla\u0161e.&#8221;<\/div>\n<\/div>\n<\/div>\n<\/div>\n<div class=\"stacks_out\">\n<div class=\"stacks_in\">\n<div class=\"stacks_div\"><\/div>\n<h5><a href=\"https:\/\/www.antonovanje.si\/Dogodki\/Zorko%20Vicar\/Kog%20v%20ru%C5%A1evinah%20vojnih%20viher%20-%20nekatere%20slike%20iz%20zgodovine%20kraja\" target=\"_blank\" rel=\"external\">Kog v ru\u0161evinah vojnih viher &#8211; nekatere slike iz zgodovine kraja<br \/>\n<\/a><\/h5>\n<\/div>\n<\/div>\n<div class=\"stacks_out\">\n<div class=\"stacks_in\">\n<p style=\"text-align: justify;\"><img loading=\"lazy\" decoding=\"async\" class=\" wp-image-329 alignleft\" src=\"https:\/\/www.antonovanje.si\/wp-content\/uploads\/2015\/12\/sv_Bolfenk_raz_pred_2_vojno.jpg\" alt=\"sv_Bolfenk_raz_pred_2_vojno\" width=\"388\" height=\"251\" srcset=\"https:\/\/www.antonovanje.si\/wp-content\/uploads\/2015\/12\/sv_Bolfenk_raz_pred_2_vojno.jpg 800w, https:\/\/www.antonovanje.si\/wp-content\/uploads\/2015\/12\/sv_Bolfenk_raz_pred_2_vojno-300x194.jpg 300w\" sizes=\"auto, (max-width: 388px) 100vw, 388px\" \/>&#8220;Zbirka fotografij gospoda Piskar Antona, <img loading=\"lazy\" decoding=\"async\" class=\" wp-image-330 alignright\" src=\"https:\/\/www.antonovanje.si\/wp-content\/uploads\/2015\/12\/kog45.jpg\" alt=\"kog45\" width=\"343\" height=\"189\" srcset=\"https:\/\/www.antonovanje.si\/wp-content\/uploads\/2015\/12\/kog45.jpg 593w, https:\/\/www.antonovanje.si\/wp-content\/uploads\/2015\/12\/kog45-300x165.jpg 300w\" sizes=\"auto, (max-width: 343px) 100vw, 343px\" \/>Zorka Vi\u010darja, ostali viri. Na fotografijah je od vojne vihre uposto\u0161en Kog (takoj po drugi vojni) in veliko ostalega fotografskega materiala &#8211; vojna za Slovenijo 1991, zra\u010dni posnetki, dragoceni stari dru\u017einski posnetki in skupinski posnetki, ki pripadajo razli\u010dnim dru\u017einam na Kogu. Obdelal Zorko Vi\u010dar mlaj\u0161i. Opis dogajanja temelji na ustnem izro\u010dilu sorodnikov in znancev &#8211; pogled je seveda subkjektiven in se \u017ee v naprej opravi\u010dujem za nedoslednosti in neto\u010dnosti, ki lahko izhajajo iz teksta &#8211; oziroma principa ustnega pri\u010devanja. Jedro teksta je nastalo v letih 1999-2001, ko na internetu \u0161e ni bilo kaj dosti pri\u010devanj o sv Sloveniji &#8211; leta 2007 je \u017ee nekaj bolje. &#8220;<\/p>\n<\/div>\n<\/div>\n<div class=\"stacks_out\">\n<div class=\"stacks_in\">\n<h5><a href=\"http:\/\/www2.arnes.si\/~gljsentvid10\/oseb_stran\/slo_letalstvo.html\" target=\"_blank\" rel=\"external\"><br \/>\nFranc Vi\u010dar in njegova dru\u017eina &#8211; hidropilot, umrl v letalski nesre\u010di<\/a><\/h5>\n<\/div>\n<\/div>\n<div class=\"stacks_out\">\n<div class=\"stacks_in\">\n<p style=\"text-align: justify;\"><img loading=\"lazy\" decoding=\"async\" class=\"wp-image-338 alignright\" src=\"https:\/\/www.antonovanje.si\/wp-content\/uploads\/2015\/12\/pilot_fv_30_6_05_2_spo.jpg\" alt=\"\" width=\"133\" height=\"178\" srcset=\"https:\/\/www.antonovanje.si\/wp-content\/uploads\/2015\/12\/pilot_fv_30_6_05_2_spo.jpg 600w, https:\/\/www.antonovanje.si\/wp-content\/uploads\/2015\/12\/pilot_fv_30_6_05_2_spo-225x300.jpg 225w\" sizes=\"auto, (max-width: 133px) 100vw, 133px\" \/>&#8220;<img loading=\"lazy\" decoding=\"async\" class=\" wp-image-337 alignleft\" src=\"https:\/\/www.antonovanje.si\/wp-content\/uploads\/2015\/12\/Aero1G8.jpg\" alt=\"Aero1G8\" width=\"353\" height=\"176\" srcset=\"https:\/\/www.antonovanje.si\/wp-content\/uploads\/2015\/12\/Aero1G8.jpg 395w, https:\/\/www.antonovanje.si\/wp-content\/uploads\/2015\/12\/Aero1G8-300x150.jpg 300w\" sizes=\"auto, (max-width: 353px) 100vw, 353px\" \/>Pilot Franc Vi\u010dar je bil bratranec mojega starega o\u010deta Vi\u010dar Naceka. Razen podatkov iz nagrobnika (glej spodaj) ni veliko znanega. Rojen je bil 4.12.1904 v fari Sv. Bolfenka na Kogu, umrl je v letalski nesre\u010di 5.6.1929 v Mostarju &#8211;\u00a0Hercegovina. Bil je &#8220;podnarednik&#8221; hidropilot jugoslovanskega kraljevega letalstva. Kmalu po \u0161olanju je izzival usodo zletenjem pod mostarskim mostom, nad reko Neretvo. Med zadnjim ponesre\u010denim poletom je udaril s krilom ob most, kar je bilo zanj usodno. \u0160e pred leti je v Mostarju \u017eivel spomin na Franca, govorili so: &#8220;Ovdje se je ubijo jedan ludi lete\u010di Slovenac.&#8221; Na \u017ealost nam manjkajo slike in ostali podatki o tem pogumnem sinu revne (\u0161e zmeraj) a prikupne Prlekije. Kog je dal kar nekaj pilotov, jaz vem vsaj za tri, sanja\u010dev pa ni\u010d koliko. Dandanes se pojavi na nebu nad goricami tudi kak motorni zmaj. &#8220;<\/p>\n<\/div>\n<\/div>\n<div class=\"stacks_out\">\n<div class=\"stacks_in\">\n<h5><a href=\"http:\/\/www2.arnes.si\/~gljsentvid10\/oseb_stran\/obicaji_ki_izgi.html\" target=\"_blank\" rel=\"external\">Zadnji pogreb od doma<\/a><\/h5>\n<\/div>\n<\/div>\n<div class=\"stacks_out\">\n<div class=\"stacks_in\">\n<div class=\"stacks_div\">\n<div class=\"centered_image\" style=\"text-align: justify;\"><img loading=\"lazy\" decoding=\"async\" class=\" wp-image-342 alignleft\" src=\"https:\/\/www.antonovanje.si\/wp-content\/uploads\/2015\/12\/pogreb_mati_od_doma980.jpg\" alt=\"pogreb_mati_od_doma980\" width=\"301\" height=\"224\" srcset=\"https:\/\/www.antonovanje.si\/wp-content\/uploads\/2015\/12\/pogreb_mati_od_doma980.jpg 638w, https:\/\/www.antonovanje.si\/wp-content\/uploads\/2015\/12\/pogreb_mati_od_doma980-300x223.jpg 300w\" sizes=\"auto, (max-width: 301px) 100vw, 301px\" \/><img loading=\"lazy\" decoding=\"async\" class=\" wp-image-341 alignright\" src=\"https:\/\/www.antonovanje.si\/wp-content\/uploads\/2015\/12\/pogreb_mati_karci_980.jpg\" alt=\"pogreb_mati_karci_980\" width=\"314\" height=\"223\" srcset=\"https:\/\/www.antonovanje.si\/wp-content\/uploads\/2015\/12\/pogreb_mati_karci_980.jpg 668w, https:\/\/www.antonovanje.si\/wp-content\/uploads\/2015\/12\/pogreb_mati_karci_980-300x213.jpg 300w\" sizes=\"auto, (max-width: 314px) 100vw, 314px\" \/>&#8220;Pred o\u010dmi nam polzijo navade in obi\u010daji, ki so bili del na\u0161ega \u017eivljenja v mladosti. Z razlogi, predvsem pa s posledicami izginevanja stoletnih navad, se pri nas sistemati\u010dno nih\u010de ne ukvarja. Vsi raje govorijo o nekih ljudstvih tam dale\u010d, ki da po\u010dnejo to in ono (ples, rituali pokopavanja, poroke). Na slikah spodaj je najverjetneje zadnji pogreb od doma v fari sv. Bolfenk na Kogu. Pogreb je potekal nekaj dni po plebiscitu za samostojno Slovenijo, december 1990 in pokojna je \u0161e glasovala za na\u0161o domovino. V\u010dasih smo bili navajeni, da je pokojni le\u017eal dva dni doma, kamor so prihajali va\u0161\u010dani kropit in molit. To je bil tudi \u010das za pogovor in tola\u017ebo. Prav tako je bil sprevod \u010dez vas od doma pa do cerkve in pokopali\u0161\u010da nekaj normalnega. Takrat smo res spremili sova\u0161\u010dana na zadnji poti k po\u010ditku. Pot je bila del premi\u0161ljanja, otroci so sprejeli smrt kot nekaj kar pripada \u017eivljenju, vasi, dru\u017eini. Sosedova otroka sta ponavadi nesla kri\u017e.<\/div>\n<\/div>\n<div class=\"stacks_clearer\" style=\"text-align: justify;\"><img loading=\"lazy\" decoding=\"async\" class=\" wp-image-340 alignright\" src=\"https:\/\/www.antonovanje.si\/wp-content\/uploads\/2015\/12\/materin_pogreb1990_december3.jpg\" alt=\"materin_pogreb1990_december3\" width=\"317\" height=\"213\" srcset=\"https:\/\/www.antonovanje.si\/wp-content\/uploads\/2015\/12\/materin_pogreb1990_december3.jpg 749w, https:\/\/www.antonovanje.si\/wp-content\/uploads\/2015\/12\/materin_pogreb1990_december3-300x201.jpg 300w\" sizes=\"auto, (max-width: 317px) 100vw, 317px\" \/>\u017de v sedemdesetih letih 20. stoletja pa je oblast prepovedala spremstvo duhovnika, v osemdesetih letih pa \u0161e prevoz krste v cerkev (v na\u0161i fari). Tako ljudje od drugod ne razumejo, zakaj krsta ne sme v cerkev. Prav tako so sodelavci SDV (udbe) na enem izmed pogrebov vlekli krsto iz cerkve, doma\u010di pa v cerkev. To je bila farsa.<\/div>\n<div class=\"stacks_clearer\" style=\"text-align: justify;\">Na\u0161a stara mati Justina, si je \u017eelela, da ostane doma, da je ob smrti ne odpeljemo takoj iz hi\u0161e, \u017eeljo smo ji izpolnili. Prav tako se sedaj uvaja nov na\u010din pokopa, to je upepeljevanje, kar mnoge starej\u0161e ljudi zelo skrbi. Nikakor mi ne gre iz spomina nekaj starej\u0161ih sova\u0161\u010danov, ki so pri\u0161li kropit na\u0161ega o\u010deta in so nam, vsi iz sebe, izrazili zahvalao, da nismo o\u010deta skurili, ampak smo ga polo\u017eili v krsto. Dejali so, da je to zelo lepo od nas. O\u010ditno si mnogi \u017eelijo pokopa in ne kurjenja, a bodo (so) nekateri upepeljeni proti svoji volji.&#8221;<\/div>\n<\/div>\n<\/div>\n","protected":false},"excerpt":{"rendered":"<p>Najstarej\u0161a spletna stran, ki govori o Kogu, obi\u010dajih, zgodovini in marsi\u010dem.. Vredno obiska! Doma\u010da stran ZORKA VI\u010cARJA &#8220;Nacekov brat Janez je ostal na doma\u010diji, La\u010daves 60, Kog. \u017delel je postati pilot (pomagal mu je bratranec, voja\u0161ki hidropilot Vi\u010dar Franc ), na koncu, ko ni bil sprejet v letalsko \u0161olo, se je posvetil kmetijstvu, imel je [&hellip;]<\/p>\n","protected":false},"author":1,"featured_media":0,"parent":17,"menu_order":0,"comment_status":"closed","ping_status":"closed","template":"page-templates\/template-fullwidth.php","meta":{"footnotes":""},"class_list":["post-62","page","type-page","status-publish","hentry"],"_links":{"self":[{"href":"https:\/\/www.antonovanje.si\/index.php?rest_route=\/wp\/v2\/pages\/62","targetHints":{"allow":["GET"]}}],"collection":[{"href":"https:\/\/www.antonovanje.si\/index.php?rest_route=\/wp\/v2\/pages"}],"about":[{"href":"https:\/\/www.antonovanje.si\/index.php?rest_route=\/wp\/v2\/types\/page"}],"author":[{"embeddable":true,"href":"https:\/\/www.antonovanje.si\/index.php?rest_route=\/wp\/v2\/users\/1"}],"replies":[{"embeddable":true,"href":"https:\/\/www.antonovanje.si\/index.php?rest_route=%2Fwp%2Fv2%2Fcomments&post=62"}],"version-history":[{"count":14,"href":"https:\/\/www.antonovanje.si\/index.php?rest_route=\/wp\/v2\/pages\/62\/revisions"}],"predecessor-version":[{"id":344,"href":"https:\/\/www.antonovanje.si\/index.php?rest_route=\/wp\/v2\/pages\/62\/revisions\/344"}],"up":[{"embeddable":true,"href":"https:\/\/www.antonovanje.si\/index.php?rest_route=\/wp\/v2\/pages\/17"}],"wp:attachment":[{"href":"https:\/\/www.antonovanje.si\/index.php?rest_route=%2Fwp%2Fv2%2Fmedia&parent=62"}],"curies":[{"name":"wp","href":"https:\/\/api.w.org\/{rel}","templated":true}]}}

Stran Zorka Vičarja

<div class="stacks_out">
<div class="stacks_in">
<h6></h6>
<h6><img loading="lazy" decoding="async" class=" wp-image-328 alignright" src="https://www.antonovanje.si/wp-content/uploads/2015/12/janez_vicar1.jpg" alt="janez_vicar1" width="307" height="238" srcset="https://www.antonovanje.si/wp-content/uploads/2015/12/janez_vicar1.jpg 800w, https://www.antonovanje.si/wp-content/uploads/2015/12/janez_vicar1-300x233.jpg 300w" sizes="auto, (max-width: 307px) 100vw, 307px" />Najstarejša spletna stran, ki govori o Kogu, običajih, zgodovini in marsičem.. Vredno obiska!</h6>
<h5><a href="http://www2.arnes.si/~gljsentvid10/oseb_stran/index_z.html" target="_blank" rel="external">Domača stran ZORKA VIČARJA<br />
</a></h5>
<div class="stacks_clearer">
<div class="stacks_div" style="text-align: justify;">&#8220;Nacekov brat Janez je ostal na domačiji, Lačaves 60, Kog. Želel je postati pilot (pomagal mu je bratranec, vojaški hidropilot Vičar Franc ), na koncu, ko ni bil sprejet v letalsko šolo, se je posvetil kmetijstvu, imel je tudi mlatilno. Vedno si je želel, da bi kdo od njegovih mlajših sorodnikov postal pilot. Na sliki je Janez Vičar z ženo Moniko, ki nam je ohranila pilotovo sliko in zgodbo o njem &#8211; zraven sta tudi njuna otroka Minka in Janko. Lepo rejen gudek &#8211; merjasec. Janezu sem leta 1968, kot 6-letni otrok, na pogrebu nesel križ. Kot fantiček sem večkrat sedel v njegovem naročju in ga hecal, kako so kaj njegovi konji &#8220;cigoti&#8221;, tako jih je namreč Janez imenoval. Janez je bil izjemno občutljiv na umazanijo, na bakterije, načeloma nikoli ni pil iz tuje flaše.&#8221;</div>
</div>
</div>
</div>
<div class="stacks_out">
<div class="stacks_in">
<div class="stacks_div"></div>
<h5><a href="https://www.antonovanje.si/Dogodki/Zorko%20Vicar/Kog%20v%20ru%C5%A1evinah%20vojnih%20viher%20-%20nekatere%20slike%20iz%20zgodovine%20kraja" target="_blank" rel="external">Kog v ruševinah vojnih viher &#8211; nekatere slike iz zgodovine kraja<br />
</a></h5>
</div>
</div>
<div class="stacks_out">
<div class="stacks_in">
<p style="text-align: justify;"><img loading="lazy" decoding="async" class=" wp-image-329 alignleft" src="https://www.antonovanje.si/wp-content/uploads/2015/12/sv_Bolfenk_raz_pred_2_vojno.jpg" alt="sv_Bolfenk_raz_pred_2_vojno" width="388" height="251" srcset="https://www.antonovanje.si/wp-content/uploads/2015/12/sv_Bolfenk_raz_pred_2_vojno.jpg 800w, https://www.antonovanje.si/wp-content/uploads/2015/12/sv_Bolfenk_raz_pred_2_vojno-300x194.jpg 300w" sizes="auto, (max-width: 388px) 100vw, 388px" />&#8220;Zbirka fotografij gospoda Piskar Antona, <img loading="lazy" decoding="async" class=" wp-image-330 alignright" src="https://www.antonovanje.si/wp-content/uploads/2015/12/kog45.jpg" alt="kog45" width="343" height="189" srcset="https://www.antonovanje.si/wp-content/uploads/2015/12/kog45.jpg 593w, https://www.antonovanje.si/wp-content/uploads/2015/12/kog45-300x165.jpg 300w" sizes="auto, (max-width: 343px) 100vw, 343px" />Zorka Vičarja, ostali viri. Na fotografijah je od vojne vihre upostošen Kog (takoj po drugi vojni) in veliko ostalega fotografskega materiala &#8211; vojna za Slovenijo 1991, zračni posnetki, dragoceni stari družinski posnetki in skupinski posnetki, ki pripadajo različnim družinam na Kogu. Obdelal Zorko Vičar mlajši. Opis dogajanja temelji na ustnem izročilu sorodnikov in znancev &#8211; pogled je seveda subkjektiven in se že v naprej opravičujem za nedoslednosti in netočnosti, ki lahko izhajajo iz teksta &#8211; oziroma principa ustnega pričevanja. Jedro teksta je nastalo v letih 1999-2001, ko na internetu še ni bilo kaj dosti pričevanj o sv Sloveniji &#8211; leta 2007 je že nekaj bolje. &#8220;</p>
</div>
</div>
<div class="stacks_out">
<div class="stacks_in">
<h5><a href="http://www2.arnes.si/~gljsentvid10/oseb_stran/slo_letalstvo.html" target="_blank" rel="external"><br />
Franc Vičar in njegova družina &#8211; hidropilot, umrl v letalski nesreči</a></h5>
</div>
</div>
<div class="stacks_out">
<div class="stacks_in">
<p style="text-align: justify;"><img loading="lazy" decoding="async" class="wp-image-338 alignright" src="https://www.antonovanje.si/wp-content/uploads/2015/12/pilot_fv_30_6_05_2_spo.jpg" alt="" width="133" height="178" srcset="https://www.antonovanje.si/wp-content/uploads/2015/12/pilot_fv_30_6_05_2_spo.jpg 600w, https://www.antonovanje.si/wp-content/uploads/2015/12/pilot_fv_30_6_05_2_spo-225x300.jpg 225w" sizes="auto, (max-width: 133px) 100vw, 133px" />&#8220;<img loading="lazy" decoding="async" class=" wp-image-337 alignleft" src="https://www.antonovanje.si/wp-content/uploads/2015/12/Aero1G8.jpg" alt="Aero1G8" width="353" height="176" srcset="https://www.antonovanje.si/wp-content/uploads/2015/12/Aero1G8.jpg 395w, https://www.antonovanje.si/wp-content/uploads/2015/12/Aero1G8-300x150.jpg 300w" sizes="auto, (max-width: 353px) 100vw, 353px" />Pilot Franc Vičar je bil bratranec mojega starega očeta Vičar Naceka. Razen podatkov iz nagrobnika (glej spodaj) ni veliko znanega. Rojen je bil 4.12.1904 v fari Sv. Bolfenka na Kogu, umrl je v letalski nesreči 5.6.1929 v Mostarju &#8211; Hercegovina. Bil je &#8220;podnarednik&#8221; hidropilot jugoslovanskega kraljevega letalstva. Kmalu po šolanju je izzival usodo zletenjem pod mostarskim mostom, nad reko Neretvo. Med zadnjim ponesrečenim poletom je udaril s krilom ob most, kar je bilo zanj usodno. Še pred leti je v Mostarju živel spomin na Franca, govorili so: &#8220;Ovdje se je ubijo jedan ludi leteči Slovenac.&#8221; Na žalost nam manjkajo slike in ostali podatki o tem pogumnem sinu revne (še zmeraj) a prikupne Prlekije. Kog je dal kar nekaj pilotov, jaz vem vsaj za tri, sanjačev pa nič koliko. Dandanes se pojavi na nebu nad goricami tudi kak motorni zmaj. &#8220;</p>
</div>
</div>
<div class="stacks_out">
<div class="stacks_in">
<h5><a href="http://www2.arnes.si/~gljsentvid10/oseb_stran/obicaji_ki_izgi.html" target="_blank" rel="external">Zadnji pogreb od doma</a></h5>
</div>
</div>
<div class="stacks_out">
<div class="stacks_in">
<div class="stacks_div">
<div class="centered_image" style="text-align: justify;"><img loading="lazy" decoding="async" class=" wp-image-342 alignleft" src="https://www.antonovanje.si/wp-content/uploads/2015/12/pogreb_mati_od_doma980.jpg" alt="pogreb_mati_od_doma980" width="301" height="224" srcset="https://www.antonovanje.si/wp-content/uploads/2015/12/pogreb_mati_od_doma980.jpg 638w, https://www.antonovanje.si/wp-content/uploads/2015/12/pogreb_mati_od_doma980-300x223.jpg 300w" sizes="auto, (max-width: 301px) 100vw, 301px" /><img loading="lazy" decoding="async" class=" wp-image-341 alignright" src="https://www.antonovanje.si/wp-content/uploads/2015/12/pogreb_mati_karci_980.jpg" alt="pogreb_mati_karci_980" width="314" height="223" srcset="https://www.antonovanje.si/wp-content/uploads/2015/12/pogreb_mati_karci_980.jpg 668w, https://www.antonovanje.si/wp-content/uploads/2015/12/pogreb_mati_karci_980-300x213.jpg 300w" sizes="auto, (max-width: 314px) 100vw, 314px" />&#8220;Pred očmi nam polzijo navade in običaji, ki so bili del našega življenja v mladosti. Z razlogi, predvsem pa s posledicami izginevanja stoletnih navad, se pri nas sistematično nihče ne ukvarja. Vsi raje govorijo o nekih ljudstvih tam daleč, ki da počnejo to in ono (ples, rituali pokopavanja, poroke). Na slikah spodaj je najverjetneje zadnji pogreb od doma v fari sv. Bolfenk na Kogu. Pogreb je potekal nekaj dni po plebiscitu za samostojno Slovenijo, december 1990 in pokojna je še glasovala za našo domovino. Včasih smo bili navajeni, da je pokojni ležal dva dni doma, kamor so prihajali vaščani kropit in molit. To je bil tudi čas za pogovor in tolažbo. Prav tako je bil sprevod čez vas od doma pa do cerkve in pokopališča nekaj normalnega. Takrat smo res spremili sovaščana na zadnji poti k počitku. Pot je bila del premišljanja, otroci so sprejeli smrt kot nekaj kar pripada življenju, vasi, družini. Sosedova otroka sta ponavadi nesla križ.</div>
</div>
<div class="stacks_clearer" style="text-align: justify;"><img loading="lazy" decoding="async" class=" wp-image-340 alignright" src="https://www.antonovanje.si/wp-content/uploads/2015/12/materin_pogreb1990_december3.jpg" alt="materin_pogreb1990_december3" width="317" height="213" srcset="https://www.antonovanje.si/wp-content/uploads/2015/12/materin_pogreb1990_december3.jpg 749w, https://www.antonovanje.si/wp-content/uploads/2015/12/materin_pogreb1990_december3-300x201.jpg 300w" sizes="auto, (max-width: 317px) 100vw, 317px" />Že v sedemdesetih letih 20. stoletja pa je oblast prepovedala spremstvo duhovnika, v osemdesetih letih pa še prevoz krste v cerkev (v naši fari). Tako ljudje od drugod ne razumejo, zakaj krsta ne sme v cerkev. Prav tako so sodelavci SDV (udbe) na enem izmed pogrebov vlekli krsto iz cerkve, domači pa v cerkev. To je bila farsa.</div>
<div class="stacks_clearer" style="text-align: justify;">Naša stara mati Justina, si je želela, da ostane doma, da je ob smrti ne odpeljemo takoj iz hiše, željo smo ji izpolnili. Prav tako se sedaj uvaja nov način pokopa, to je upepeljevanje, kar mnoge starejše ljudi zelo skrbi. Nikakor mi ne gre iz spomina nekaj starejših sovaščanov, ki so prišli kropit našega očeta in so nam, vsi iz sebe, izrazili zahvalao, da nismo očeta skurili, ampak smo ga položili v krsto. Dejali so, da je to zelo lepo od nas. Očitno si mnogi želijo pokopa in ne kurjenja, a bodo (so) nekateri upepeljeni proti svoji volji.&#8221;</div>
</div>
</div>

<p>Najstarejša spletna stran, ki govori o Kogu, običajih, zgodovini in marsičem.. Vredno obiska! Domača stran ZORKA VIČARJA &#8220;Nacekov brat Janez je ostal na domačiji, Lačaves 60, Kog. Želel je postati pilot (pomagal mu je bratranec, vojaški hidropilot Vičar Franc ), na koncu, ko ni bil sprejet v letalsko šolo, se je posvetil kmetijstvu, imel je [&hellip;]</p>
